{"id":149,"date":"2023-06-13T12:34:08","date_gmt":"2023-06-13T12:34:08","guid":{"rendered":"https:\/\/paraisogastronomico.com\/jaen\/?page_id=149"},"modified":"2023-06-13T13:50:03","modified_gmt":"2023-06-13T13:50:03","slug":"blog-gastronomico","status":"publish","type":"page","link":"https:\/\/paraisogastronomico.com\/jaen\/blog-gastronomico\/","title":{"rendered":"Blog Gastron\u00f3mico"},"content":{"rendered":"<p>[et_pb_section fb_built=\u00bb1&#8243; admin_label=\u00bbHeader\u00bb _builder_version=\u00bb4.16&#8243; background_enable_color=\u00bboff\u00bb background_color_gradient_direction=\u00bb90deg\u00bb background_enable_image=\u00bboff\u00bb background_blend=\u00bbmultiply\u00bb custom_padding=\u00bb||22px|||\u00bb locked=\u00bboff\u00bb global_colors_info=\u00bb{}\u00bb][et_pb_row _builder_version=\u00bb4.16&#8243; global_colors_info=\u00bb{}\u00bb][et_pb_column type=\u00bb4_4&#8243; _builder_version=\u00bb4.16&#8243; global_colors_info=\u00bb{}\u00bb][et_pb_text _builder_version=\u00bb4.16&#8243; header_font=\u00bbAlata||||||||\u00bb header_font_size=\u00bb100px\u00bb header_line_height=\u00bb1.2em\u00bb header_2_font=\u00bbDM Sans|700||on|||||\u00bb header_2_font_size=\u00bb14px\u00bb header_2_letter_spacing=\u00bb6px\u00bb header_2_line_height=\u00bb1.4em\u00bb text_orientation=\u00bbcenter\u00bb header_font_size_tablet=\u00bb50px\u00bb header_font_size_phone=\u00bb35px\u00bb header_font_size_last_edited=\u00bbon|phone\u00bb header_2_font_size_tablet=\u00bb14px\u00bb header_2_font_size_phone=\u00bb12px\u00bb header_2_font_size_last_edited=\u00bbon|desktop\u00bb global_colors_info=\u00bb{}\u00bb]<\/p>\n<h2>para amantes de la gastronom\u00eda<\/h2>\n<h1>Blog Gastron\u00f3mico\u00a0<\/h1>\n<p>[\/et_pb_text][\/et_pb_column][\/et_pb_row][\/et_pb_section][et_pb_section fb_built=\u00bb1&#8243; admin_label=\u00bbBlog\u00bb _builder_version=\u00bb4.16&#8243; _module_preset=\u00bbdefault\u00bb custom_padding=\u00bb18px|||||\u00bb global_colors_info=\u00bb{}\u00bb][et_pb_row _builder_version=\u00bb4.16&#8243; _module_preset=\u00bbdefault\u00bb global_colors_info=\u00bb{}\u00bb][et_pb_column type=\u00bb4_4&#8243; _builder_version=\u00bb4.16&#8243; _module_preset=\u00bbdefault\u00bb global_colors_info=\u00bb{}\u00bb][et_pb_blog fullwidth=\u00bboff\u00bb posts_number=\u00bb6&#8243; meta_date=\u00bbj M, Y\u00bb show_more=\u00bbon\u00bb show_author=\u00bboff\u00bb show_date=\u00bboff\u00bb show_categories=\u00bboff\u00bb _builder_version=\u00bb4.21.0&#8243; _module_preset=\u00bbdefault\u00bb header_level=\u00bbh3&#8243; header_font=\u00bbAlata||||||||\u00bb header_font_size=\u00bb18px\u00bb header_line_height=\u00bb1.4em\u00bb body_line_height=\u00bb2em\u00bb pagination_font=\u00bbAlata||||||||\u00bb pagination_text_color=\u00bb#000000&#8243; pagination_font_size=\u00bb24px\u00bb pagination_letter_spacing=\u00bb2px\u00bb pagination_line_height=\u00bb2em\u00bb header_font_size_tablet=\u00bb16px\u00bb header_font_size_phone=\u00bb\u00bb header_font_size_last_edited=\u00bbon|phone\u00bb pagination_font_size_tablet=\u00bb20px\u00bb pagination_font_size_phone=\u00bb18px\u00bb pagination_font_size_last_edited=\u00bbon|phone\u00bb border_width_all=\u00bb0px\u00bb global_colors_info=\u00bb{}\u00bb][\/et_pb_blog][\/et_pb_column][\/et_pb_row][\/et_pb_section]<\/p>\n","protected":false},"excerpt":{"rendered":"<p>para amantes de la gastronom\u00eda Blog Gastron\u00f3mico\u00a0<\/p>\n","protected":false},"author":1,"featured_media":0,"parent":0,"menu_order":0,"comment_status":"closed","ping_status":"closed","template":"","meta":{"_et_pb_use_builder":"on","_et_pb_old_content":"","_et_gb_content_width":"","footnotes":""},"class_list":["post-149","page","type-page","status-publish","hentry"],"yoast_head":"<!-- This site is optimized with the Yoast SEO plugin v26.3 - https:\/\/yoast.com\/wordpress\/plugins\/seo\/ -->\n<title>Blog Gastron\u00f3mico - D\u00f3nde comer en ja\u00e9n<\/title>\n<meta name=\"robots\" content=\"index, follow, max-snippet:-1, max-image-preview:large, max-video-preview:-1\" \/>\n<link rel=\"canonical\" href=\"https:\/\/paraisogastronomico.com\/jaen\/blog-gastronomico\/\" \/>\n<meta property=\"og:locale\" content=\"es_ES\" \/>\n<meta property=\"og:type\" content=\"article\" \/>\n<meta property=\"og:title\" content=\"Blog Gastron\u00f3mico - D\u00f3nde comer en ja\u00e9n\" \/>\n<meta property=\"og:description\" content=\"para amantes de la gastronom\u00eda Blog Gastron\u00f3mico\u00a0\" \/>\n<meta property=\"og:url\" content=\"https:\/\/paraisogastronomico.com\/jaen\/blog-gastronomico\/\" \/>\n<meta property=\"og:site_name\" content=\"D\u00f3nde comer en ja\u00e9n\" \/>\n<meta property=\"article:publisher\" content=\"https:\/\/www.facebook.com\/jaenparaisogastronomico\" \/>\n<meta property=\"article:modified_time\" content=\"2023-06-13T13:50:03+00:00\" \/>\n<meta property=\"og:image\" content=\"https:\/\/paraisogastronomico.com\/jaen\/wp-content\/uploads\/2022\/11\/steak-3640560-scaled-0.jpg\" \/>\n\t<meta property=\"og:image:width\" content=\"1024\" \/>\n\t<meta property=\"og:image:height\" content=\"576\" \/>\n\t<meta property=\"og:image:type\" content=\"image\/jpeg\" \/>\n<meta name=\"twitter:card\" content=\"summary_large_image\" \/>\n<meta name=\"twitter:label1\" content=\"Tiempo de lectura\" \/>\n\t<meta name=\"twitter:data1\" content=\"2 minutos\" \/>\n<script type=\"application\/ld+json\" class=\"yoast-schema-graph\">{\"@context\":\"https:\/\/schema.org\",\"@graph\":[{\"@type\":\"WebPage\",\"@id\":\"https:\/\/paraisogastronomico.com\/jaen\/blog-gastronomico\/\",\"url\":\"https:\/\/paraisogastronomico.com\/jaen\/blog-gastronomico\/\",\"name\":\"Blog Gastron\u00f3mico - D\u00f3nde comer en ja\u00e9n\",\"isPartOf\":{\"@id\":\"https:\/\/paraisogastronomico.com\/jaen\/#website\"},\"datePublished\":\"2023-06-13T12:34:08+00:00\",\"dateModified\":\"2023-06-13T13:50:03+00:00\",\"breadcrumb\":{\"@id\":\"https:\/\/paraisogastronomico.com\/jaen\/blog-gastronomico\/#breadcrumb\"},\"inLanguage\":\"es\",\"potentialAction\":[{\"@type\":\"ReadAction\",\"target\":[\"https:\/\/paraisogastronomico.com\/jaen\/blog-gastronomico\/\"]}]},{\"@type\":\"BreadcrumbList\",\"@id\":\"https:\/\/paraisogastronomico.com\/jaen\/blog-gastronomico\/#breadcrumb\",\"itemListElement\":[{\"@type\":\"ListItem\",\"position\":1,\"name\":\"Portada\",\"item\":\"https:\/\/paraisogastronomico.com\/jaen\/\"},{\"@type\":\"ListItem\",\"position\":2,\"name\":\"Blog Gastron\u00f3mico\"}]},{\"@type\":\"WebSite\",\"@id\":\"https:\/\/paraisogastronomico.com\/jaen\/#website\",\"url\":\"https:\/\/paraisogastronomico.com\/jaen\/\",\"name\":\"D\u00f3nde comer en ja\u00e9n\",\"description\":\"Gu\u00eda online con m\u00e1s de 300 establecimientos en la provincia de Ja\u00e9n, por municipios, establecimientos y platos\",\"publisher\":{\"@id\":\"https:\/\/paraisogastronomico.com\/jaen\/#organization\"},\"alternateName\":\"Comer bien en Ja\u00e9n\",\"potentialAction\":[{\"@type\":\"SearchAction\",\"target\":{\"@type\":\"EntryPoint\",\"urlTemplate\":\"https:\/\/paraisogastronomico.com\/jaen\/?s={search_term_string}\"},\"query-input\":{\"@type\":\"PropertyValueSpecification\",\"valueRequired\":true,\"valueName\":\"search_term_string\"}}],\"inLanguage\":\"es\"},{\"@type\":\"Organization\",\"@id\":\"https:\/\/paraisogastronomico.com\/jaen\/#organization\",\"name\":\"Asociaci\u00f3n provincial de hosteler\u00eda y turismo de la provincia de Ja\u00e9n\",\"alternateName\":\"HOSTURJA\u00c9N\",\"url\":\"https:\/\/paraisogastronomico.com\/jaen\/\",\"logo\":{\"@type\":\"ImageObject\",\"inLanguage\":\"es\",\"@id\":\"https:\/\/paraisogastronomico.com\/jaen\/#\/schema\/logo\/image\/\",\"url\":\"https:\/\/paraisogastronomico.com\/jaen\/wp-content\/uploads\/2023\/10\/logo-paraiso-gastronomico.png\",\"contentUrl\":\"https:\/\/paraisogastronomico.com\/jaen\/wp-content\/uploads\/2023\/10\/logo-paraiso-gastronomico.png\",\"width\":560,\"height\":564,\"caption\":\"Asociaci\u00f3n provincial de hosteler\u00eda y turismo de la provincia de Ja\u00e9n\"},\"image\":{\"@id\":\"https:\/\/paraisogastronomico.com\/jaen\/#\/schema\/logo\/image\/\"},\"sameAs\":[\"https:\/\/www.facebook.com\/jaenparaisogastronomico\",\"https:\/\/www.instagram.com\/jaen.paraisogastronomico\/\"]}]}<\/script>\n<!-- \/ Yoast SEO plugin. -->","yoast_head_json":{"title":"Blog Gastron\u00f3mico - D\u00f3nde comer en ja\u00e9n","robots":{"index":"index","follow":"follow","max-snippet":"max-snippet:-1","max-image-preview":"max-image-preview:large","max-video-preview":"max-video-preview:-1"},"canonical":"https:\/\/paraisogastronomico.com\/jaen\/blog-gastronomico\/","og_locale":"es_ES","og_type":"article","og_title":"Blog Gastron\u00f3mico - D\u00f3nde comer en ja\u00e9n","og_description":"para amantes de la gastronom\u00eda Blog Gastron\u00f3mico\u00a0","og_url":"https:\/\/paraisogastronomico.com\/jaen\/blog-gastronomico\/","og_site_name":"D\u00f3nde comer en ja\u00e9n","article_publisher":"https:\/\/www.facebook.com\/jaenparaisogastronomico","article_modified_time":"2023-06-13T13:50:03+00:00","og_image":[{"width":1024,"height":576,"url":"https:\/\/paraisogastronomico.com\/jaen\/wp-content\/uploads\/2022\/11\/steak-3640560-scaled-0.jpg","type":"image\/jpeg"}],"twitter_card":"summary_large_image","twitter_misc":{"Tiempo de lectura":"2 minutos"},"schema":{"@context":"https:\/\/schema.org","@graph":[{"@type":"WebPage","@id":"https:\/\/paraisogastronomico.com\/jaen\/blog-gastronomico\/","url":"https:\/\/paraisogastronomico.com\/jaen\/blog-gastronomico\/","name":"Blog Gastron\u00f3mico - D\u00f3nde comer en ja\u00e9n","isPartOf":{"@id":"https:\/\/paraisogastronomico.com\/jaen\/#website"},"datePublished":"2023-06-13T12:34:08+00:00","dateModified":"2023-06-13T13:50:03+00:00","breadcrumb":{"@id":"https:\/\/paraisogastronomico.com\/jaen\/blog-gastronomico\/#breadcrumb"},"inLanguage":"es","potentialAction":[{"@type":"ReadAction","target":["https:\/\/paraisogastronomico.com\/jaen\/blog-gastronomico\/"]}]},{"@type":"BreadcrumbList","@id":"https:\/\/paraisogastronomico.com\/jaen\/blog-gastronomico\/#breadcrumb","itemListElement":[{"@type":"ListItem","position":1,"name":"Portada","item":"https:\/\/paraisogastronomico.com\/jaen\/"},{"@type":"ListItem","position":2,"name":"Blog Gastron\u00f3mico"}]},{"@type":"WebSite","@id":"https:\/\/paraisogastronomico.com\/jaen\/#website","url":"https:\/\/paraisogastronomico.com\/jaen\/","name":"D\u00f3nde comer en ja\u00e9n","description":"Gu\u00eda online con m\u00e1s de 300 establecimientos en la provincia de Ja\u00e9n, por municipios, establecimientos y platos","publisher":{"@id":"https:\/\/paraisogastronomico.com\/jaen\/#organization"},"alternateName":"Comer bien en Ja\u00e9n","potentialAction":[{"@type":"SearchAction","target":{"@type":"EntryPoint","urlTemplate":"https:\/\/paraisogastronomico.com\/jaen\/?s={search_term_string}"},"query-input":{"@type":"PropertyValueSpecification","valueRequired":true,"valueName":"search_term_string"}}],"inLanguage":"es"},{"@type":"Organization","@id":"https:\/\/paraisogastronomico.com\/jaen\/#organization","name":"Asociaci\u00f3n provincial de hosteler\u00eda y turismo de la provincia de Ja\u00e9n","alternateName":"HOSTURJA\u00c9N","url":"https:\/\/paraisogastronomico.com\/jaen\/","logo":{"@type":"ImageObject","inLanguage":"es","@id":"https:\/\/paraisogastronomico.com\/jaen\/#\/schema\/logo\/image\/","url":"https:\/\/paraisogastronomico.com\/jaen\/wp-content\/uploads\/2023\/10\/logo-paraiso-gastronomico.png","contentUrl":"https:\/\/paraisogastronomico.com\/jaen\/wp-content\/uploads\/2023\/10\/logo-paraiso-gastronomico.png","width":560,"height":564,"caption":"Asociaci\u00f3n provincial de hosteler\u00eda y turismo de la provincia de Ja\u00e9n"},"image":{"@id":"https:\/\/paraisogastronomico.com\/jaen\/#\/schema\/logo\/image\/"},"sameAs":["https:\/\/www.facebook.com\/jaenparaisogastronomico","https:\/\/www.instagram.com\/jaen.paraisogastronomico\/"]}]}},"_links":{"self":[{"href":"https:\/\/paraisogastronomico.com\/jaen\/wp-json\/wp\/v2\/pages\/149","targetHints":{"allow":["GET"]}}],"collection":[{"href":"https:\/\/paraisogastronomico.com\/jaen\/wp-json\/wp\/v2\/pages"}],"about":[{"href":"https:\/\/paraisogastronomico.com\/jaen\/wp-json\/wp\/v2\/types\/page"}],"author":[{"embeddable":true,"href":"https:\/\/paraisogastronomico.com\/jaen\/wp-json\/wp\/v2\/users\/1"}],"replies":[{"embeddable":true,"href":"https:\/\/paraisogastronomico.com\/jaen\/wp-json\/wp\/v2\/comments?post=149"}],"version-history":[{"count":5,"href":"https:\/\/paraisogastronomico.com\/jaen\/wp-json\/wp\/v2\/pages\/149\/revisions"}],"predecessor-version":[{"id":184,"href":"https:\/\/paraisogastronomico.com\/jaen\/wp-json\/wp\/v2\/pages\/149\/revisions\/184"}],"wp:attachment":[{"href":"https:\/\/paraisogastronomico.com\/jaen\/wp-json\/wp\/v2\/media?parent=149"}],"curies":[{"name":"wp","href":"https:\/\/api.w.org\/{rel}","templated":true}]}}